
Let a = -44 - -31. Let i = 29 + a. Let o(c) = -23*c**3 + 2*c**2 - 1. Let k be o(-1). What is the highest common divisor of k and i?
8
Suppose -302*j = -313*j + 1573. Calculate the highest common factor of 13 and j.
13
Let q(t) = -t**3 - 18*t**2 - 3*t - 6. Let d be q(-18). What is the highest common divisor of 432 and d?
48
Suppose -4*p - 162 + 418 = 0. Let m be (84 - -1)*4/(-10). Let q be (-292)/(-18) - m/(-153). What is the greatest common factor of q and p?
16
Let b = -1312 - -1388. What is the greatest common factor of 1558 and b?
38
Let j = 75 - 80. Let l be (-3)/(-5) - 2/j. Calculate the highest common factor of l and 9.
1
Let n(f) = f**2 - 11*f - 17. Let s(i) = -6 - 11 + i + 18. Let d(x) = -n(x) - 2*s(x). Let l be d(9). What is the highest common divisor of l and 45?
15
Suppose 0*w - w + 116 = -2*i, -205 = -2*w - 5*i. Calculate the highest common factor of w and 176.
22
Let f(p) = 6*p**2 - 3*p - 3. Let k be f(-2). Let r = k + 23. Suppose 3*l + 4*g - 10 = 0, -21 = -l + 3*g + 4. What is the greatest common factor of l and r?
10
Let t(p) = p**3 - 2*p**2 + 18*p + 287. Let a be t(0). What is the greatest common factor of a and 49?
7
Suppose 88*n = 2084 + 996. Let w = -735 + 1290. Suppose -w = -5*h + 320. What is the highest common factor of n and h?
35
Suppose 0 = -7*v - 197 + 50. Let l = v + 34. What is the greatest common factor of 117 and l?
13
Let n = 2654 - 2648. Suppose 4*f - 124 + 28 = 0. What is the highest common divisor of n and f?
6
Let g = -8 - -7. Let v = 1 + g. Suppose 2*r - 4*o = 202, v = 3*r - 5*r + o + 199. What is the greatest common factor of r and 9?
9
Let v be (-87)/29*(-4)/6. Calculate the greatest common divisor of 74 and v.
2
Suppose -4*b + 6 = -b. Suppose 3*r + y - 10 = 9, 3*y = 5*r - 55. Let a be (44/5)/(r/20). Calculate the greatest common divisor of a and b.
2
Let b be 138/(2*(-2)/(-6)). Suppose 4*i + 43*q - 40*q - 83 = 0, 4*i - 2*q = 98. Calculate the highest common factor of b and i.
23
Let b(i) = 8*i - 36. Let c be b(7). Calculate the highest common divisor of c and 8.
4
Let l be 50/75 - ((-1004)/6 + 0). Let t = l + 19. Calculate the highest common factor of t and 17.
17
Let r(p) = p**2 - 2*p - 99. Let x be r(27). What is the highest common factor of x and 36?
36
Suppose -n - 328 = -3*w, 0 = 5*w - 6*w + 3*n + 120. Calculate the greatest common divisor of w and 96.
12
Suppose -4*k - k + 200 = 0. Let v be -2*-1*(-2)/(-1). Let d(s) = 6*s - 8. Let q be d(v). What is the highest common factor of k and q?
8
Suppose -165 + 543 = 2*b. Suppose -2*x + b = x. Suppose 4*o - 26 = -2*a, -3*a + 1 = -o + 25. Calculate the greatest common divisor of o and x.
9
Let l = 1570 - 1266. Calculate the highest common factor of l and 48.
16
Suppose -i + 803 = -2*v, -3*i + 3*v - 3190 = -7*i. What is the highest common factor of i and 94?
47
Let j(b) be the first derivative of b**4/2 + 5*b**3 + 4*b**2 + 5*b - 51. Let r be j(-6). Calculate the greatest common divisor of 26 and r.
13
Let o be (4 + 5/(-20))*1*4. Suppose 7*a = o*a - 88. Calculate the highest common divisor of a and 33.
11
Let c be 0 - (-2 + (-51)/3). Let b(a) = a**3 - 12*a**2 + 15*a - 6. Let q be b(11). What is the greatest common divisor of q and c?
19
Suppose -110 = -b + 5*d, 658 = 5*b + 51*d - 49*d. What is the greatest common factor of b and 234?
26
Suppose -4*g + 4*a - 18 = -174, 2*a = -2*g + 70. Let y = g - 21. Let b = y - -4. Calculate the highest common factor of 5 and b.
5
Let c be (-4)/(-14) + 1392/28. Let p(x) = -x**3 - 30. Let r be p(0). Let w be 7/(-21)*(r - 0). What is the greatest common divisor of c and w?
10
Suppose -3*q - 27 = -4*a, -2*a = -5*a - 2*q - 1. Let s be (16/(-12))/((-2)/a). Suppose 0*x - 36 = -2*x. Calculate the greatest common divisor of x and s.
2
Let v be (((-19)/38)/((-6)/12))/(2/22). Suppose 5*d - 218 + 57 = i, -83 = -3*d + 4*i. Calculate the greatest common divisor of d and v.
11
Let z = 6 + 4. Let i be (6/12)/((-2)/(-88)). Suppose 6*c = 3*c + 2*j + 26, -2*c - j + i = 0. Calculate the highest common factor of c and z.
10
Let j(r) = 7*r**2 + 116*r - 29. Let n be j(-20). Let k be 1 - -39 - 1/(-1). What is the highest common divisor of k and n?
41
Let b be (-34)/(-7) - (-6)/42. Suppose -2*w + 25 = -0*w - b*i, 14 = w - 4*i. What is the greatest common divisor of 25 and w?
5
Suppose -2*v - 22 = -3*l + l, -4*l - v + 44 = 0. Let s = -7 + l. Let p(c) = -c**2 + 7*c - 11. Let d be p(4). What is the greatest common factor of s and d?
1
Let d be 4761/69 + -2 + -1. Calculate the greatest common divisor of d and 528.
66
Suppose 0 = 15*y - 14*y - 12. Suppose 2*d + 4 - y = 0. Calculate the highest common divisor of 20 and d.
4
Let y(t) be the second derivative of -t**3/3 + 11*t**2 + 12*t. Let p be y(10). Calculate the greatest common factor of 8 and p.
2
Let g be (-9 + 11)*(-2059)/(-2). Calculate the highest common divisor of g and 71.
71
Let q = 4956 + -2814. Calculate the greatest common divisor of 28 and q.
14
Suppose -6 = 2*r, -5*v + 3*r - 831 = -10*v. Let q be (966/(-63) + 22)*(-36)/(-10). Calculate the greatest common factor of q and v.
24
Suppose 0 = 4*l - 270 - 2122. Suppose -3*q + 6 = 0, -q + 0*q = -3*g + l. What is the greatest common factor of g and 25?
25
Let s = -28 - -59. Suppose -3*n = s - 4. Let f = n - -39. Calculate the highest common divisor of 10 and f.
10
Let h be (-12 - -3)*(12/(-4))/(-9). Let z be (-498)/(-8) + h/(-4). What is the greatest common divisor of 7 and z?
7
Let h = 143 - 83. Suppose -6*z + h = -z. Calculate the greatest common factor of z and 3.
3
Let k(q) = -q**3 + q**2 + 9. Let j be k(0). Let i be 60/(-6) - (-10 - 1). What is the highest common factor of i and j?
1
Let g(w) = -w**2 - 17*w - 14. Let n be g(-10). Suppose j - 3*s = 2*j + 2, 3 = -s. What is the greatest common factor of n and j?
7
Suppose -s + 6*s - 75 = 0. Suppose 3*c = -0*c - s, -2*o - 2*c = -182. Calculate the highest common factor of o and 32.
32
Let h be ((-126)/5)/((-68)/170). Calculate the greatest common factor of 9 and h.
9
Let g(w) = 8*w - 3. Let t be g(-3). Let u(y) = y**2 + 26*y - 9. Let z be u(t). What is the highest common factor of 72 and z?
18
Let y = 161 + -62. Calculate the greatest common divisor of y and 72.
9
Let r = -3181 + 4462. What is the highest common divisor of r and 122?
61
Let p = 1234 - 877. What is the greatest common factor of p and 17?
17
Suppose 4*r - 3220 = 4*t, 28*r - 27*r = 3*t + 795. Calculate the highest common factor of r and 105.
15
Let q be -7 - (3 + -5) - (16 + -238). Calculate the highest common divisor of q and 14.
7
Let q be 3/3*-1 + (5 - -10). Calculate the highest common factor of 63 and q.
7
Let l(h) = -h**2 + 2*h**2 + 4*h**3 - 2*h - 1 + 2*h**2 - h**3. Let u be l(2). What is the greatest common factor of u and 124?
31
Let o be (-4 - (5 + -1 + -11)) + 37. What is the greatest common divisor of o and 110?
10
Let p(r) = 13*r**2 - 15*r - 47. Let b be p(-4). Calculate the highest common factor of 17 and b.
17
Suppose -64 = q - 2*q. Let x(a) = 6*a**2 - 43*a + 50. Let z be x(6). Calculate the highest common factor of q and z.
8
Let y(k) = k**2 - 12*k + 32. Let h be y(9). Let b(a) = 2*a**3 - 3*a**2 + 4*a - 4. Let w be b(3). What is the highest common divisor of h and w?
5
Let l = -2109 + 3054. Calculate the greatest common divisor of 35 and l.
35
Let k(u) = 63*u - 22. Let g be k(2). What is the greatest common factor of g and 26?
26
Suppose -3*q - 12 = 0, 3*b - 8*q + 9*q - 899 = 0. What is the highest common divisor of 43 and b?
43
Suppose 4*l + l - 60 = 0. Let a be -72*((-65)/(-39) + -2). Calculate the highest common divisor of l and a.
12
Let u(y) = -16 - 4*y + 25 - y**2 - 8*y + 1. Let m be u(-10). Calculate the greatest common factor of m and 6.
6
Let o(t) = -t**3 - t - 1. Let w be o(3). Let i(j) = -3*j - 2. Let b be i(5). Let p = b - w. Calculate the greatest common divisor of p and 112.
14
Let n = -158 - -218. Calculate the greatest common divisor of 12 and n.
12
Let j = -312 - -328. Calculate the greatest common factor of j and 432.
16
Let h = -1965 - -2214. What is the highest common divisor of h and 415?
83
Let k be (-52)/(-2) + -2 + -2. Suppose k = -5*h - 113. Let o = 30 + h. What is the highest common divisor of 9 and o?
3
Suppose -5*q - z - 113 = 0, 2*q - 85 = 6*q - z. Let l = 30 + q. Calculate the gre